{"id":1116,"date":"2015-10-30T01:14:18","date_gmt":"2015-10-30T04:14:18","guid":{"rendered":"http:\/\/www.fifv.cl\/2015\/?page_id=1116"},"modified":"2016-11-10T00:04:26","modified_gmt":"2016-11-10T03:04:26","slug":"videos","status":"publish","type":"page","link":"https:\/\/fifv.cl\/2016\/videos\/","title":{"rendered":"Videos"},"content":{"rendered":"<h3>DOSS &#8211; Brigadas Fotogr\u00e1ficas<\/h3>\n<p><iframe loading=\"lazy\" src=\"https:\/\/player.vimeo.com\/video\/190618161\" width=\"640\" height=\"360\" frameborder=\"0\" webkitallowfullscreen mozallowfullscreen allowfullscreen><\/iframe><\/p>\n<h3>Xavier Martin &#8211; Ganador Visionado de Portafolio<\/h3>\n<p><iframe loading=\"lazy\" src=\"https:\/\/player.vimeo.com\/video\/190617245\" width=\"640\" height=\"360\" frameborder=\"0\" webkitallowfullscreen mozallowfullscreen allowfullscreen><\/iframe><\/p>\n<h3>Cierre<\/h3>\n<p><iframe loading=\"lazy\" src=\"https:\/\/player.vimeo.com\/video\/190565121\" width=\"640\" height=\"360\" frameborder=\"0\" webkitallowfullscreen mozallowfullscreen allowfullscreen><\/iframe><\/p>\n<h3>Programa Cierre<\/h3>\n<p><iframe loading=\"lazy\" src=\"https:\/\/player.vimeo.com\/video\/190324026\" width=\"640\" height=\"360\" frameborder=\"0\" webkitallowfullscreen mozallowfullscreen allowfullscreen><\/iframe><\/p>\n<h3>Exposiciones y Di\u00e1logos<\/h3>\n<p><iframe loading=\"lazy\" src=\"https:\/\/player.vimeo.com\/video\/189955283\" width=\"640\" height=\"360\" frameborder=\"0\" allowfullscreen=\"allowfullscreen\"><\/iframe><\/p>\n<h3>Inauguraci\u00f3n<\/h3>\n<p><iframe loading=\"lazy\" src=\"https:\/\/player.vimeo.com\/video\/189525395\" width=\"640\" height=\"360\" frameborder=\"0\" allowfullscreen=\"allowfullscreen\"><\/iframe><\/p>\n<h3>Workshops<\/h3>\n<p><iframe loading=\"lazy\" src=\"https:\/\/player.vimeo.com\/video\/189461173\" width=\"640\" height=\"360\" frameborder=\"0\" allowfullscreen=\"allowfullscreen\"><\/iframe><\/p>\n<p><iframe loading=\"lazy\" src=\"https:\/\/player.vimeo.com\/video\/189442620\" width=\"640\" height=\"360\" frameborder=\"0\" allowfullscreen=\"allowfullscreen\"><\/iframe><\/p>\n<h3>Inauguramos hoy<\/h3>\n<p><iframe loading=\"lazy\" src=\"https:\/\/player.vimeo.com\/video\/189412979\" width=\"640\" height=\"360\" frameborder=\"0\" allowfullscreen=\"allowfullscreen\"><\/iframe><\/p>\n<h3>Promocional\u00a0FIFV 2016<\/h3>\n<p><iframe loading=\"lazy\" src=\"https:\/\/player.vimeo.com\/video\/189093020\" width=\"640\" height=\"360\" frameborder=\"0\" allowfullscreen=\"allowfullscreen\"><\/iframe><\/p>\n","protected":false},"excerpt":{"rendered":"<p>DOSS &#8211; Brigadas Fotogr\u00e1ficas Xavier Martin &#8211; Ganador Visionado de Portafolio Cierre Programa Cierre Exposiciones y Di\u00e1logos Inauguraci\u00f3n Workshops Inauguramos hoy Promocional\u00a0FIFV 2016<\/p>\n","protected":false},"author":1,"featured_media":0,"parent":0,"menu_order":0,"comment_status":"closed","ping_status":"closed","template":"page-fifv-galerias.php","meta":{"footnotes":""},"class_list":["post-1116","page","type-page","status-publish","hentry"],"_links":{"self":[{"href":"https:\/\/fifv.cl\/2016\/wp-json\/wp\/v2\/pages\/1116","targetHints":{"allow":["GET"]}}],"collection":[{"href":"https:\/\/fifv.cl\/2016\/wp-json\/wp\/v2\/pages"}],"about":[{"href":"https:\/\/fifv.cl\/2016\/wp-json\/wp\/v2\/types\/page"}],"author":[{"embeddable":true,"href":"https:\/\/fifv.cl\/2016\/wp-json\/wp\/v2\/users\/1"}],"replies":[{"embeddable":true,"href":"https:\/\/fifv.cl\/2016\/wp-json\/wp\/v2\/comments?post=1116"}],"version-history":[{"count":32,"href":"https:\/\/fifv.cl\/2016\/wp-json\/wp\/v2\/pages\/1116\/revisions"}],"predecessor-version":[{"id":5083,"href":"https:\/\/fifv.cl\/2016\/wp-json\/wp\/v2\/pages\/1116\/revisions\/5083"}],"wp:attachment":[{"href":"https:\/\/fifv.cl\/2016\/wp-json\/wp\/v2\/media?parent=1116"}],"curies":[{"name":"wp","href":"https:\/\/api.w.org\/{rel}","templated":true}]}}

<h3>DOSS &#8211; Brigadas Fotográficas</h3>
<p><iframe loading="lazy" src="https://player.vimeo.com/video/190618161" width="640" height="360" frameborder="0" webkitallowfullscreen mozallowfullscreen allowfullscreen></iframe></p>
<h3>Xavier Martin &#8211; Ganador Visionado de Portafolio</h3>
<p><iframe loading="lazy" src="https://player.vimeo.com/video/190617245" width="640" height="360" frameborder="0" webkitallowfullscreen mozallowfullscreen allowfullscreen></iframe></p>
<h3>Cierre</h3>
<p><iframe loading="lazy" src="https://player.vimeo.com/video/190565121" width="640" height="360" frameborder="0" webkitallowfullscreen mozallowfullscreen allowfullscreen></iframe></p>
<h3>Programa Cierre</h3>
<p><iframe loading="lazy" src="https://player.vimeo.com/video/190324026" width="640" height="360" frameborder="0" webkitallowfullscreen mozallowfullscreen allowfullscreen></iframe></p>
<h3>Exposiciones y Diálogos</h3>
<p><iframe loading="lazy" src="https://player.vimeo.com/video/189955283" width="640" height="360" frameborder="0" allowfullscreen="allowfullscreen"></iframe></p>
<h3>Inauguración</h3>
<p><iframe loading="lazy" src="https://player.vimeo.com/video/189525395" width="640" height="360" frameborder="0" allowfullscreen="allowfullscreen"></iframe></p>
<h3>Workshops</h3>
<p><iframe loading="lazy" src="https://player.vimeo.com/video/189461173" width="640" height="360" frameborder="0" allowfullscreen="allowfullscreen"></iframe></p>
<p><iframe loading="lazy" src="https://player.vimeo.com/video/189442620" width="640" height="360" frameborder="0" allowfullscreen="allowfullscreen"></iframe></p>
<h3>Inauguramos hoy</h3>
<p><iframe loading="lazy" src="https://player.vimeo.com/video/189412979" width="640" height="360" frameborder="0" allowfullscreen="allowfullscreen"></iframe></p>
<h3>Promocional FIFV 2016</h3>
<p><iframe loading="lazy" src="https://player.vimeo.com/video/189093020" width="640" height="360" frameborder="0" allowfullscreen="allowfullscreen"></iframe></p>

<p>DOSS &#8211; Brigadas Fotográficas Xavier Martin &#8211; Ganador Visionado de Portafolio Cierre Programa Cierre Exposiciones y Diálogos Inauguración Workshops Inauguramos hoy Promocional FIFV 2016</p>
