{"id":15,"date":"2015-10-05T02:43:43","date_gmt":"2015-10-05T05:43:43","guid":{"rendered":"http:\/\/localhost\/fifv\/?page_id=15"},"modified":"2016-11-02T20:00:39","modified_gmt":"2016-11-02T23:00:39","slug":"dialogos","status":"publish","type":"page","link":"https:\/\/fifv.cl\/2016\/dialogos\/","title":{"rendered":"Di\u00e1logos"},"content":{"rendered":"<p style=\"text-align: justify;\">Como edici\u00f3n, el Festival Internacional de Fotograf\u00eda de Valpara\u00edso invita a importantes fot\u00f3grafos contempor\u00e1neos a conversar con el p\u00fablico presente sobre diversos temas relacionados con este arte.<!--more--><\/p>\n<p style=\"text-align: justify;\">Esta iniciativa se propone como una instancia de encuentro en torno a la fotograf\u00eda\u00a0actual, en modalidad de entrevistas, conversatorios, mesas redondas.<\/p>\n<p style=\"text-align: justify;\">M\u00e1s que una charla unidirecional, el FIFV ha planteado los di\u00e1logos fotogr\u00e1ficos como una plataforma de discusi\u00f3n, integrando al p\u00fablico a trav\u00e9s de rondas de preguntas al final de cada presentaci\u00f3n. Cualquier persona de la audiencia, sea fot\u00f3grafo o espectador, puede pedir el micr\u00f3fono para hablar directamente con el experto que se presenta.<\/p>\n<p style=\"text-align: justify;\"><strong>Este 2016, hemos invitado a importantes fot\u00f3grafos \u00a0y \u00a0especialistas internacionales y nacionales en otras \u00e1reas del conocimiento, para ahondar en la importancia de la imagen desde distintos puntos de vista.<\/strong><\/p>\n<p style=\"text-align: justify;\"><strong>Todos los Di\u00e1logos Fotogr\u00e1ficos se realizar\u00e1n en El Internado\u00a0<\/strong>(pasaje Dimalow 167, Cerro Alegre)<\/p>\n<p><strong>DOMINGO 30 DE OCTUBRE<\/strong><\/p>\n<p>17:00 hrs.\u00a0Fernando Ace\u00f1a\u00a0(Espa\u00f1a) presenta su proyecto \u201cMuseo de la luz\u201d\u00a0v\u00eda skype.<br \/>\n18:00 hrs.\u00a0Di\u00e1logo con Dario Coletti (Italia)<\/p>\n<p>20:00 hrs.\u00a0Di\u00e1logo con Itala Schmelz (M\u00e9xico)<\/p>\n<p>&nbsp;<\/p>\n<p><strong>LUNES 31 DE OCTUBRE<\/strong><\/p>\n<p>18:30 hrs.\u00a0Di\u00e1logo con Juan Valbuena (Espa\u00f1a)<br \/>\n19:30 hrs.\u00a0Sebasti\u00e1n Moreno\u00a0(Chile)\u00a0presenta\u00a0del proceso de investigaci\u00f3n\u00a0para la realizaci\u00f3n del\u00a0documental sobre Sergio Larrain<\/p>\n<p style=\"text-align: justify;\">20:30 hrs.\u00a0Di\u00e1logo con Ana Casas Broda\u00a0(Espa\u00f1a\/M\u00e9xico)<\/p>\n<p style=\"text-align: justify;\"><strong>MI\u00c9RCOLES 02 DE NOVIEMBRE<\/strong><\/p>\n<p style=\"text-align: justify;\">19:00 hrs.<em>\u00a0<\/em>Di\u00e1logos con fot\u00f3grafos y gestores culturales de regiones:\u00a0Christian Jamett\/ FotoArica (Chile),\u00a0Alex Hern\u00e1ndez\/ Encuentro de Formaci\u00f3n Fotogr\u00e1fica \u00a0Los Lagos(Chile),\u00a0Milko Carre\u00f1o\/ Festival de Fotograf\u00eda de la Sexta Regi\u00f3n (Chile)\u00a0,\u00a0Crist\u00f3bal Barrientos\/\u00a0Guerrilla (Chile).<\/p>\n<p style=\"text-align: justify;\">19:30 hrs.\u00a0Di\u00e1logo con Circuito Espacios Dom\u00e9sticos (Chile)<\/p>\n<p style=\"text-align: justify;\">20:30 hrs.\u00a0Di\u00e1logo con artistas dirigido por la revista Arte al L\u00edmite (Chile)<\/p>\n<p style=\"text-align: justify;\"><strong>JUEVES 03 DE NOVIEMBRE<\/strong><\/p>\n<p style=\"text-align: justify;\">18:30 hrs.\u00a0Encuentro v\u00eda skype con el fot\u00f3grafo Santiago Escobar-Jaramillo \u00a0(Colombia)<\/p>\n<p style=\"text-align: justify;\"><strong>VIERNES 04 DE NOVIEMBRE<\/strong><\/p>\n<p style=\"text-align: justify;\">18:30 hrs.\u00a0Di\u00e1logo v\u00eda skype con \u00a0Silvia Omedes \u00a0Directora general Festival DOCFIELD de Barcelona (Espa\u00f1a)<\/p>\n<p style=\"text-align: justify;\">19:30 hrs.\u00a0Di\u00e1logo con Mane Adaro editora jefe del proyecto Atlas Imaginarios\u00a0 Visuales\u00a0(Chile) y Pepe Guzm\u00e1n (Chile)<\/p>\n<p>&nbsp;<\/p>\n","protected":false},"excerpt":{"rendered":"<p>Como edici\u00f3n, el Festival Internacional de Fotograf\u00eda de Valpara\u00edso invita a importantes fot\u00f3grafos contempor\u00e1neos a conversar con el p\u00fablico presente sobre diversos temas relacionados con este arte.<\/p>\n","protected":false},"author":2,"featured_media":4778,"parent":0,"menu_order":4,"comment_status":"closed","ping_status":"closed","template":"page-fifv-dialogos.php","meta":{"footnotes":""},"class_list":["post-15","page","type-page","status-publish","has-post-thumbnail","hentry"],"_links":{"self":[{"href":"https:\/\/fifv.cl\/2016\/wp-json\/wp\/v2\/pages\/15","targetHints":{"allow":["GET"]}}],"collection":[{"href":"https:\/\/fifv.cl\/2016\/wp-json\/wp\/v2\/pages"}],"about":[{"href":"https:\/\/fifv.cl\/2016\/wp-json\/wp\/v2\/types\/page"}],"author":[{"embeddable":true,"href":"https:\/\/fifv.cl\/2016\/wp-json\/wp\/v2\/users\/2"}],"replies":[{"embeddable":true,"href":"https:\/\/fifv.cl\/2016\/wp-json\/wp\/v2\/comments?post=15"}],"version-history":[{"count":11,"href":"https:\/\/fifv.cl\/2016\/wp-json\/wp\/v2\/pages\/15\/revisions"}],"predecessor-version":[{"id":3964,"href":"https:\/\/fifv.cl\/2016\/wp-json\/wp\/v2\/pages\/15\/revisions\/3964"}],"wp:featuredmedia":[{"embeddable":true,"href":"https:\/\/fifv.cl\/2016\/wp-json\/wp\/v2\/media\/4778"}],"wp:attachment":[{"href":"https:\/\/fifv.cl\/2016\/wp-json\/wp\/v2\/media?parent=15"}],"curies":[{"name":"wp","href":"https:\/\/api.w.org\/{rel}","templated":true}]}}

Diálogos

<p style="text-align: justify;">Como edición, el Festival Internacional de Fotografía de Valparaíso invita a importantes fotógrafos contemporáneos a conversar con el público presente sobre diversos temas relacionados con este arte.<!--more--></p>
<p style="text-align: justify;">Esta iniciativa se propone como una instancia de encuentro en torno a la fotografía actual, en modalidad de entrevistas, conversatorios, mesas redondas.</p>
<p style="text-align: justify;">Más que una charla unidirecional, el FIFV ha planteado los diálogos fotográficos como una plataforma de discusión, integrando al público a través de rondas de preguntas al final de cada presentación. Cualquier persona de la audiencia, sea fotógrafo o espectador, puede pedir el micrófono para hablar directamente con el experto que se presenta.</p>
<p style="text-align: justify;"><strong>Este 2016, hemos invitado a importantes fotógrafos  y  especialistas internacionales y nacionales en otras áreas del conocimiento, para ahondar en la importancia de la imagen desde distintos puntos de vista.</strong></p>
<p style="text-align: justify;"><strong>Todos los Diálogos Fotográficos se realizarán en El Internado </strong>(pasaje Dimalow 167, Cerro Alegre)</p>
<p><strong>DOMINGO 30 DE OCTUBRE</strong></p>
<p>17:00 hrs. Fernando Aceña (España) presenta su proyecto “Museo de la luz” vía skype.<br />
18:00 hrs. Diálogo con Dario Coletti (Italia)</p>
<p>20:00 hrs. Diálogo con Itala Schmelz (México)</p>
<p>&nbsp;</p>
<p><strong>LUNES 31 DE OCTUBRE</strong></p>
<p>18:30 hrs. Diálogo con Juan Valbuena (España)<br />
19:30 hrs. Sebastián Moreno (Chile) presenta del proceso de investigación para la realización del documental sobre Sergio Larrain</p>
<p style="text-align: justify;">20:30 hrs. Diálogo con Ana Casas Broda (España/México)</p>
<p style="text-align: justify;"><strong>MIÉRCOLES 02 DE NOVIEMBRE</strong></p>
<p style="text-align: justify;">19:00 hrs.<em> </em>Diálogos con fotógrafos y gestores culturales de regiones: Christian Jamett/ FotoArica (Chile), Alex Hernández/ Encuentro de Formación Fotográfica  Los Lagos(Chile), Milko Carreño/ Festival de Fotografía de la Sexta Región (Chile) , Cristóbal Barrientos/ Guerrilla (Chile).</p>
<p style="text-align: justify;">19:30 hrs. Diálogo con Circuito Espacios Domésticos (Chile)</p>
<p style="text-align: justify;">20:30 hrs. Diálogo con artistas dirigido por la revista Arte al Límite (Chile)</p>
<p style="text-align: justify;"><strong>JUEVES 03 DE NOVIEMBRE</strong></p>
<p style="text-align: justify;">18:30 hrs. Encuentro vía skype con el fotógrafo Santiago Escobar-Jaramillo  (Colombia)</p>
<p style="text-align: justify;"><strong>VIERNES 04 DE NOVIEMBRE</strong></p>
<p style="text-align: justify;">18:30 hrs. Diálogo vía skype con  Silvia Omedes  Directora general Festival DOCFIELD de Barcelona (España)</p>
<p style="text-align: justify;">19:30 hrs. Diálogo con Mane Adaro editora jefe del proyecto Atlas Imaginarios  Visuales (Chile) y Pepe Guzmán (Chile)</p>
<p>&nbsp;</p>

<p>Como edición, el Festival Internacional de Fotografía de Valparaíso invita a importantes fotógrafos contemporáneos a conversar con el público presente sobre diversos temas relacionados con este arte.</p>
