{"id":17,"date":"2015-10-05T02:44:43","date_gmt":"2015-10-05T05:44:43","guid":{"rendered":"http:\/\/localhost\/fifv\/?page_id=17"},"modified":"2016-10-27T01:37:49","modified_gmt":"2016-10-27T04:37:49","slug":"fotolibros","status":"publish","type":"page","link":"https:\/\/fifv.cl\/2016\/fotolibros\/","title":{"rendered":"Muestra Fotolibros"},"content":{"rendered":"<p>Como es tradici\u00f3n, el FIFV tendr\u00e1 una muestra de fotolibros gracias una nueva donaci\u00f3n de la Asociaci\u00f3n Francesa de Editores de Fotolibros \u201cPhotobook Social Club\u201d. Esta instituci\u00f3n don\u00f3 600 nuevos ejemplares para alimentar nuestra Biblioteca y una selecci\u00f3n de esa colecci\u00f3n ser\u00e1 exhibida al p\u00fablico en el Parque Cultural de Valpara\u00edso. El objetivo de esta muestra es potenciar el fotolibro como un soporte que perdura en el tiempo y permite a personas de todas las edades aprender y disfrutar de la fotograf\u00eda.<\/p>\n","protected":false},"excerpt":{"rendered":"<p>Como es tradici\u00f3n, el FIFV tendr\u00e1 una muestra de fotolibros gracias una nueva donaci\u00f3n de la Asociaci\u00f3n Francesa de Editores de Fotolibros \u201cPhotobook Social Club\u201d. Esta instituci\u00f3n don\u00f3 600 nuevos [&hellip;]<\/p>\n","protected":false},"author":2,"featured_media":4073,"parent":0,"menu_order":5,"comment_status":"closed","ping_status":"closed","template":"page-fifv-fotolibros.php","meta":{"footnotes":""},"class_list":["post-17","page","type-page","status-publish","has-post-thumbnail","hentry"],"_links":{"self":[{"href":"https:\/\/fifv.cl\/2016\/wp-json\/wp\/v2\/pages\/17","targetHints":{"allow":["GET"]}}],"collection":[{"href":"https:\/\/fifv.cl\/2016\/wp-json\/wp\/v2\/pages"}],"about":[{"href":"https:\/\/fifv.cl\/2016\/wp-json\/wp\/v2\/types\/page"}],"author":[{"embeddable":true,"href":"https:\/\/fifv.cl\/2016\/wp-json\/wp\/v2\/users\/2"}],"replies":[{"embeddable":true,"href":"https:\/\/fifv.cl\/2016\/wp-json\/wp\/v2\/comments?post=17"}],"version-history":[{"count":9,"href":"https:\/\/fifv.cl\/2016\/wp-json\/wp\/v2\/pages\/17\/revisions"}],"predecessor-version":[{"id":2783,"href":"https:\/\/fifv.cl\/2016\/wp-json\/wp\/v2\/pages\/17\/revisions\/2783"}],"wp:featuredmedia":[{"embeddable":true,"href":"https:\/\/fifv.cl\/2016\/wp-json\/wp\/v2\/media\/4073"}],"wp:attachment":[{"href":"https:\/\/fifv.cl\/2016\/wp-json\/wp\/v2\/media?parent=17"}],"curies":[{"name":"wp","href":"https:\/\/api.w.org\/{rel}","templated":true}]}}