{"id":23,"date":"2015-10-04T23:47:36","date_gmt":"2015-10-05T02:47:36","guid":{"rendered":"http:\/\/localhost\/fifv\/?page_id=23"},"modified":"2016-10-19T00:37:27","modified_gmt":"2016-10-19T03:37:27","slug":"programa","status":"publish","type":"page","link":"https:\/\/fifv.cl\/2016\/programa\/","title":{"rendered":"Programa"},"content":{"rendered":"<p>En su s\u00e9ptima edici\u00f3n, el Festival Internacional de Fotograf\u00eda en Valpara\u00edso contar\u00e1 con una variada cartelera de actividades gratuitas durante todo un mes. Este a\u00f1o inauguraremos un gran n\u00famero de exposiciones entre los d\u00edas 29 de octubre y 5 de noviembre, que estar\u00e1n abiertas al p\u00fablico hasta el 27 de noviembre.<\/p>\n","protected":false},"excerpt":{"rendered":"<p>En su s\u00e9ptima edici\u00f3n, el Festival Internacional de Fotograf\u00eda en Valpara\u00edso contar\u00e1 con una variada cartelera de actividades gratuitas durante todo un mes. Este a\u00f1o inauguraremos un gran n\u00famero de [&hellip;]<\/p>\n","protected":false},"author":2,"featured_media":0,"parent":0,"menu_order":4,"comment_status":"closed","ping_status":"closed","template":"page-fifv-programa.php","meta":{"footnotes":""},"class_list":["post-23","page","type-page","status-publish","hentry"],"_links":{"self":[{"href":"https:\/\/fifv.cl\/2016\/wp-json\/wp\/v2\/pages\/23","targetHints":{"allow":["GET"]}}],"collection":[{"href":"https:\/\/fifv.cl\/2016\/wp-json\/wp\/v2\/pages"}],"about":[{"href":"https:\/\/fifv.cl\/2016\/wp-json\/wp\/v2\/types\/page"}],"author":[{"embeddable":true,"href":"https:\/\/fifv.cl\/2016\/wp-json\/wp\/v2\/users\/2"}],"replies":[{"embeddable":true,"href":"https:\/\/fifv.cl\/2016\/wp-json\/wp\/v2\/comments?post=23"}],"version-history":[{"count":28,"href":"https:\/\/fifv.cl\/2016\/wp-json\/wp\/v2\/pages\/23\/revisions"}],"predecessor-version":[{"id":2828,"href":"https:\/\/fifv.cl\/2016\/wp-json\/wp\/v2\/pages\/23\/revisions\/2828"}],"wp:attachment":[{"href":"https:\/\/fifv.cl\/2016\/wp-json\/wp\/v2\/media?parent=23"}],"curies":[{"name":"wp","href":"https:\/\/api.w.org\/{rel}","templated":true}]}}