{"id":3928,"date":"2016-10-24T23:56:42","date_gmt":"2016-10-25T02:56:42","guid":{"rendered":"http:\/\/fifv.cl\/2016\/?page_id=3928"},"modified":"2016-11-02T20:12:20","modified_gmt":"2016-11-02T23:12:20","slug":"mediacion","status":"publish","type":"page","link":"https:\/\/fifv.cl\/2016\/mediacion\/","title":{"rendered":"Mediaci\u00f3n"},"content":{"rendered":"<p>Somos acompa\u00f1antes de un recorrido fotogr\u00e1fico en el marco del FIFV, en donde proponemos la creaci\u00f3n de un espacio de di\u00e1logo en conjunto con el p\u00fablico, contribuyendo a la construcci\u00f3n de un lenguaje com\u00fan, nutrido de la multiplicidad de miradas.<\/p>\n<p>El fin de esta acci\u00f3n es abrir espacios de intercambio entre el discurso propuesto por el FIFV y los diversos grupos que componen la sociedad, ampliando el universo de las personas que tradicionalmente asiste al festival. Es as\u00ed como por medio de la fotograf\u00eda, se podr\u00e1n abordar tem\u00e1ticas como, el rol de la imagen en la sociedad, la est\u00e9tica, el proceso creativo, la relaci\u00f3n del autor con su obra, con el fin de debatir sobre el contenido y su relaci\u00f3n con la imagen. En efecto, la obra es portadora de un mensaje construido por el autor en su relaci\u00f3n cotidiana con el entorno, poniendo de manifiesto su visi\u00f3n del mundo.<\/p>\n<p>El FIFV ha sido el punto de encuentro de obras originales, retratos de la ciudad de Valpara\u00edso, destacando la diversidad de miradas y de realidades en un di\u00e1logo constante y creciente con la comunidad. Es por ello que nuestra propuesta va orientada a colegios, universidades, Juntas de vecinos, organizaciones comunitarias, adem\u00e1s de grupos de ni\u00f1os y ni\u00f1as, adultos mayores y familias.<\/p>\n<p>Esperamos seguir abriendo espacios de conversaciones fotogr\u00e1ficas enriqueciendo nuestra comprensi\u00f3n del fen\u00f3meno de la imagen en un constante descubrir y asombro rec\u00edproco.<br \/>\nEl recorrido visual, acompa\u00f1ado de las mediadoras, consiste en sensibilizar al p\u00fablico con el mundo de la fotograf\u00eda.<\/p>\n<p><strong>\u00bfA qui\u00e9n va dirigido y cu\u00e1ntas personas por mediaci\u00f3n?<\/strong><br \/>\nP\u00fablico general, instituciones y organizaciones comunitarias. Se realizar\u00e1n visitas a grupos de 8 a 25 personas<\/p>\n<p><strong>\u00bfCu\u00e1nto duran las mediaciones?<\/strong><br \/>\n30 a 40 minutos<\/p>\n<p><strong>\u00bf C\u00f3mo se hace para asistir ?<\/strong><br \/>\nLas visitas se programar\u00e1n previo contacto con las mediadoras:<\/p>\n<p>Anamaria Briede<br \/>\nanamariabriede@gmail.com<br \/>\n9-98378320<\/p>\n<p>Laura Quiroz<br \/>\nlauraqledesma@gmail.com<br \/>\n9-94216231<\/p>\n<p>Recorridos mediaciones<\/p>\n<p><strong>Recorrido 1<\/strong><br \/>\n<strong>Fecha<\/strong>: 30 de octubre al 27 de noviembre 2016<br \/>\n<strong>Horario<\/strong>: 11:00 hrs. a 13:00 hrs.<br \/>\n<strong>Exposici\u00f3n<\/strong>: Valpara\u00edso<br \/>\nLugar: Sala de Artes Visuales del Parque Cultural de Valpara\u00edso<br \/>\nAutores: Juan Manuel Castro Prieto, Claudine Doury, Gilles Favier, Bertrand Meunier y Paolo Verzone.<br \/>\nRecorrido visual por la exposici\u00f3n principal del festival de los fot\u00f3grafos internacionales, que participaron de las residencias del FIFV, los a\u00f1os 2013 y 2015, y trabajaron desarrollando diferentes tem\u00e1ticas sobre Valpara\u00edso.<\/p>\n<p><strong>Exposici\u00f3n<\/strong>: Muestra de fotolibros<br \/>\nSelecci\u00f3n de fotolibros de una donaci\u00f3n de 600 libros de la Asociaci\u00f3n Francesa de Editores de Fotolibros \u201cPhotobook Social Club\u00bb<\/p>\n<p><strong>Muestra trabajo editorial FIFV<\/strong><br \/>\nFotolibros de los fot\u00f3grafas internacionales que han sido invitados por el FIFV. Cada libro, publicado por nuestra editorial, tiene el objetivo de fomentar la creaci\u00f3n fotogr\u00e1fica autoral desde Valpara\u00edso para el mundo.<\/p>\n<p><strong>Recorrido 2<\/strong><br \/>\n<strong>Fecha<\/strong>: 6 noviembre al 25 de noviembre 2016<br \/>\n<strong>Horario<\/strong>: 11:00 hrs. a 13:00 hrs.<br \/>\nPara estas fechas, agregamos 2 nuevos recorridos a las exposiciones que est\u00e1n en distintos lugares de Valpara\u00edso.<br \/>\n<strong>Exposici\u00f3n<\/strong>: Horizonte<br \/>\n<strong>Lugar<\/strong>: Plaza Victoria Autores: Brigadas Fotogr\u00e1ficas<br \/>\nColectivos de dos a cuatro fot\u00f3grafos\/as, que trabajar\u00e1n la tem\u00e1tica del \u201cHorizonte\u201d.<\/p>\n<p><strong>Exposici\u00f3n<\/strong>: Workshops FIFV 2016<br \/>\n<strong>Lugar<\/strong>: Plaza Victoria<br \/>\n<strong>Autores<\/strong>: Fot\u00f3grafos de los Workshops 2016<br \/>\nEsta muestra es el resultado de los workshops dictados por los invitados internacionales del FIFV 2016 a autores nacionales e internacionales.<\/p>\n<p><strong>Exposici\u00f3n<\/strong>: Predio (Marconi)<br \/>\n<strong>Lugar<\/strong>: Casaplan, Av. Brasil 1490<br \/>\n<strong>Autor<\/strong>: Javier \u00c1lvarez<br \/>\nGanador del Premio Visionado de Portafolio FIFV 2015<\/p>\n<p><strong>Exposici\u00f3n<\/strong>: Construcci\u00f3n de obra<br \/>\n<strong>Lugar<\/strong>: Casaplan, Av. Brasil 1490, subterr\u00e1neo<br \/>\n<strong>Autores<\/strong>: Rosario Montero, Cecilia Reynoso , Alvaro Rojas y Emiliano Valenzuela<br \/>\nSe proyectar\u00e1n los trabajos fotogr\u00e1ficos de destacados j\u00f3venes fot\u00f3grafos participantes en diversos a\u00f1os en el FIFV.<\/p>\n<p><strong>Exposici\u00f3n<\/strong>: Aviso de Destino<br \/>\n<strong>Lugar<\/strong>: Peluquer\u00eda La Boheme, Av.Brasil 1452.<\/p>\n<p><strong>Autor<\/strong>: Vicente Gonz\u00e1lez M\u00edmica<br \/>\nGanador del Premio Visionado de Portafolio FIFV 2015<br \/>\nRecorrido 3<br \/>\n<strong>Fecha<\/strong>: 6 noviembre al 25 de noviembre 2016<br \/>\n<strong>Horario<\/strong>: 11:00 hrs. a 13:00 hrs.<\/p>\n<p><strong>Exposici\u00f3n<\/strong> : \u201cLa France Vued\u2019Ici\u201d Lugar: Muelle Prat \/ Containers<br \/>\nAutores: Fot\u00f3grafos franceses Serie de fotograf\u00edas sobre la realidad francesa y sus habitantes entre 2014 y 2017. \u201cLa Francia vista desde aqu\u00ed\u201d la exposici\u00f3n est\u00e1 al interior de 2 container.<\/p>\n<p><a href=\"http:\/\/fifv.cl\/2016\/wp-content\/uploads\/2016\/10\/mediacion-FIFV-1.pdf\">Descargar Pdf<\/a><\/p>\n<p><a href=\"http:\/\/fifv.cl\/2016\/wp-content\/uploads\/2016\/10\/mediacion-FIFV.pdf\">Mediaci\u00f3n <\/a><\/p>\n<p><img loading=\"lazy\" decoding=\"async\" class=\"alignnone size-full wp-image-3941\" src=\"http:\/\/fifv.cl\/2016\/wp-content\/uploads\/2016\/10\/IMG_2662.jpg\" alt=\"img_2662\" width=\"3264\" height=\"2448\" srcset=\"https:\/\/fifv.cl\/2016\/wp-content\/uploads\/2016\/10\/IMG_2662.jpg 3264w, https:\/\/fifv.cl\/2016\/wp-content\/uploads\/2016\/10\/IMG_2662-300x225.jpg 300w, https:\/\/fifv.cl\/2016\/wp-content\/uploads\/2016\/10\/IMG_2662-768x576.jpg 768w, https:\/\/fifv.cl\/2016\/wp-content\/uploads\/2016\/10\/IMG_2662-1024x768.jpg 1024w, https:\/\/fifv.cl\/2016\/wp-content\/uploads\/2016\/10\/IMG_2662-750x563.jpg 750w\" sizes=\"auto, (max-width: 3264px) 100vw, 3264px\" \/><\/p>\n<p><img loading=\"lazy\" decoding=\"async\" class=\"alignnone size-full wp-image-3939\" src=\"http:\/\/fifv.cl\/2016\/wp-content\/uploads\/2016\/10\/IMG_2651.jpg\" alt=\"img_2651\" width=\"3264\" height=\"2448\" srcset=\"https:\/\/fifv.cl\/2016\/wp-content\/uploads\/2016\/10\/IMG_2651.jpg 3264w, https:\/\/fifv.cl\/2016\/wp-content\/uploads\/2016\/10\/IMG_2651-300x225.jpg 300w, https:\/\/fifv.cl\/2016\/wp-content\/uploads\/2016\/10\/IMG_2651-768x576.jpg 768w, https:\/\/fifv.cl\/2016\/wp-content\/uploads\/2016\/10\/IMG_2651-1024x768.jpg 1024w, https:\/\/fifv.cl\/2016\/wp-content\/uploads\/2016\/10\/IMG_2651-750x563.jpg 750w\" sizes=\"auto, (max-width: 3264px) 100vw, 3264px\" \/><\/p>\n<p><img loading=\"lazy\" decoding=\"async\" class=\"alignnone size-full wp-image-3937\" src=\"http:\/\/fifv.cl\/2016\/wp-content\/uploads\/2016\/10\/12238001_1090420687659179_4810774481243368105_o.jpg\" alt=\"12238001_1090420687659179_4810774481243368105_o\" width=\"1404\" height=\"936\" srcset=\"https:\/\/fifv.cl\/2016\/wp-content\/uploads\/2016\/10\/12238001_1090420687659179_4810774481243368105_o.jpg 1404w, https:\/\/fifv.cl\/2016\/wp-content\/uploads\/2016\/10\/12238001_1090420687659179_4810774481243368105_o-300x200.jpg 300w, https:\/\/fifv.cl\/2016\/wp-content\/uploads\/2016\/10\/12238001_1090420687659179_4810774481243368105_o-768x512.jpg 768w, https:\/\/fifv.cl\/2016\/wp-content\/uploads\/2016\/10\/12238001_1090420687659179_4810774481243368105_o-1024x683.jpg 1024w, https:\/\/fifv.cl\/2016\/wp-content\/uploads\/2016\/10\/12238001_1090420687659179_4810774481243368105_o-750x500.jpg 750w\" sizes=\"auto, (max-width: 1404px) 100vw, 1404px\" \/><\/p>\n<p>&nbsp;<\/p>\n","protected":false},"excerpt":{"rendered":"<p>Somos acompa\u00f1antes de un recorrido fotogr\u00e1fico en el marco del FIFV, en donde proponemos la creaci\u00f3n de un espacio de di\u00e1logo en conjunto con el p\u00fablico, contribuyendo a la construcci\u00f3n [&hellip;]<\/p>\n","protected":false},"author":2,"featured_media":4783,"parent":0,"menu_order":0,"comment_status":"closed","ping_status":"closed","template":"page-fifv-lab.php","meta":{"footnotes":""},"class_list":["post-3928","page","type-page","status-publish","has-post-thumbnail","hentry"],"_links":{"self":[{"href":"https:\/\/fifv.cl\/2016\/wp-json\/wp\/v2\/pages\/3928","targetHints":{"allow":["GET"]}}],"collection":[{"href":"https:\/\/fifv.cl\/2016\/wp-json\/wp\/v2\/pages"}],"about":[{"href":"https:\/\/fifv.cl\/2016\/wp-json\/wp\/v2\/types\/page"}],"author":[{"embeddable":true,"href":"https:\/\/fifv.cl\/2016\/wp-json\/wp\/v2\/users\/2"}],"replies":[{"embeddable":true,"href":"https:\/\/fifv.cl\/2016\/wp-json\/wp\/v2\/comments?post=3928"}],"version-history":[{"count":26,"href":"https:\/\/fifv.cl\/2016\/wp-json\/wp\/v2\/pages\/3928\/revisions"}],"predecessor-version":[{"id":3969,"href":"https:\/\/fifv.cl\/2016\/wp-json\/wp\/v2\/pages\/3928\/revisions\/3969"}],"wp:featuredmedia":[{"embeddable":true,"href":"https:\/\/fifv.cl\/2016\/wp-json\/wp\/v2\/media\/4783"}],"wp:attachment":[{"href":"https:\/\/fifv.cl\/2016\/wp-json\/wp\/v2\/media?parent=3928"}],"curies":[{"name":"wp","href":"https:\/\/api.w.org\/{rel}","templated":true}]}}

Mediación

<p>Somos acompañantes de un recorrido fotográfico en el marco del FIFV, en donde proponemos la creación de un espacio de diálogo en conjunto con el público, contribuyendo a la construcción de un lenguaje común, nutrido de la multiplicidad de miradas.</p>
<p>El fin de esta acción es abrir espacios de intercambio entre el discurso propuesto por el FIFV y los diversos grupos que componen la sociedad, ampliando el universo de las personas que tradicionalmente asiste al festival. Es así como por medio de la fotografía, se podrán abordar temáticas como, el rol de la imagen en la sociedad, la estética, el proceso creativo, la relación del autor con su obra, con el fin de debatir sobre el contenido y su relación con la imagen. En efecto, la obra es portadora de un mensaje construido por el autor en su relación cotidiana con el entorno, poniendo de manifiesto su visión del mundo.</p>
<p>El FIFV ha sido el punto de encuentro de obras originales, retratos de la ciudad de Valparaíso, destacando la diversidad de miradas y de realidades en un diálogo constante y creciente con la comunidad. Es por ello que nuestra propuesta va orientada a colegios, universidades, Juntas de vecinos, organizaciones comunitarias, además de grupos de niños y niñas, adultos mayores y familias.</p>
<p>Esperamos seguir abriendo espacios de conversaciones fotográficas enriqueciendo nuestra comprensión del fenómeno de la imagen en un constante descubrir y asombro recíproco.<br />
El recorrido visual, acompañado de las mediadoras, consiste en sensibilizar al público con el mundo de la fotografía.</p>
<p><strong>¿A quién va dirigido y cuántas personas por mediación?</strong><br />
Público general, instituciones y organizaciones comunitarias. Se realizarán visitas a grupos de 8 a 25 personas</p>
<p><strong>¿Cuánto duran las mediaciones?</strong><br />
30 a 40 minutos</p>
<p><strong>¿ Cómo se hace para asistir ?</strong><br />
Las visitas se programarán previo contacto con las mediadoras:</p>
<p>Anamaria Briede<br />
anamariabriede@gmail.com<br />
9-98378320</p>
<p>Laura Quiroz<br />
lauraqledesma@gmail.com<br />
9-94216231</p>
<p>Recorridos mediaciones</p>
<p><strong>Recorrido 1</strong><br />
<strong>Fecha</strong>: 30 de octubre al 27 de noviembre 2016<br />
<strong>Horario</strong>: 11:00 hrs. a 13:00 hrs.<br />
<strong>Exposición</strong>: Valparaíso<br />
Lugar: Sala de Artes Visuales del Parque Cultural de Valparaíso<br />
Autores: Juan Manuel Castro Prieto, Claudine Doury, Gilles Favier, Bertrand Meunier y Paolo Verzone.<br />
Recorrido visual por la exposición principal del festival de los fotógrafos internacionales, que participaron de las residencias del FIFV, los años 2013 y 2015, y trabajaron desarrollando diferentes temáticas sobre Valparaíso.</p>
<p><strong>Exposición</strong>: Muestra de fotolibros<br />
Selección de fotolibros de una donación de 600 libros de la Asociación Francesa de Editores de Fotolibros “Photobook Social Club»</p>
<p><strong>Muestra trabajo editorial FIFV</strong><br />
Fotolibros de los fotógrafas internacionales que han sido invitados por el FIFV. Cada libro, publicado por nuestra editorial, tiene el objetivo de fomentar la creación fotográfica autoral desde Valparaíso para el mundo.</p>
<p><strong>Recorrido 2</strong><br />
<strong>Fecha</strong>: 6 noviembre al 25 de noviembre 2016<br />
<strong>Horario</strong>: 11:00 hrs. a 13:00 hrs.<br />
Para estas fechas, agregamos 2 nuevos recorridos a las exposiciones que están en distintos lugares de Valparaíso.<br />
<strong>Exposición</strong>: Horizonte<br />
<strong>Lugar</strong>: Plaza Victoria Autores: Brigadas Fotográficas<br />
Colectivos de dos a cuatro fotógrafos/as, que trabajarán la temática del “Horizonte”.</p>
<p><strong>Exposición</strong>: Workshops FIFV 2016<br />
<strong>Lugar</strong>: Plaza Victoria<br />
<strong>Autores</strong>: Fotógrafos de los Workshops 2016<br />
Esta muestra es el resultado de los workshops dictados por los invitados internacionales del FIFV 2016 a autores nacionales e internacionales.</p>
<p><strong>Exposición</strong>: Predio (Marconi)<br />
<strong>Lugar</strong>: Casaplan, Av. Brasil 1490<br />
<strong>Autor</strong>: Javier Álvarez<br />
Ganador del Premio Visionado de Portafolio FIFV 2015</p>
<p><strong>Exposición</strong>: Construcción de obra<br />
<strong>Lugar</strong>: Casaplan, Av. Brasil 1490, subterráneo<br />
<strong>Autores</strong>: Rosario Montero, Cecilia Reynoso , Alvaro Rojas y Emiliano Valenzuela<br />
Se proyectarán los trabajos fotográficos de destacados jóvenes fotógrafos participantes en diversos años en el FIFV.</p>
<p><strong>Exposición</strong>: Aviso de Destino<br />
<strong>Lugar</strong>: Peluquería La Boheme, Av.Brasil 1452.</p>
<p><strong>Autor</strong>: Vicente González Mímica<br />
Ganador del Premio Visionado de Portafolio FIFV 2015<br />
Recorrido 3<br />
<strong>Fecha</strong>: 6 noviembre al 25 de noviembre 2016<br />
<strong>Horario</strong>: 11:00 hrs. a 13:00 hrs.</p>
<p><strong>Exposición</strong> : “La France Vued’Ici” Lugar: Muelle Prat / Containers<br />
Autores: Fotógrafos franceses Serie de fotografías sobre la realidad francesa y sus habitantes entre 2014 y 2017. “La Francia vista desde aquí” la exposición está al interior de 2 container.</p>
<p><a href="http://fifv.cl/2016/wp-content/uploads/2016/10/mediacion-FIFV-1.pdf">Descargar Pdf</a></p>
<p><a href="http://fifv.cl/2016/wp-content/uploads/2016/10/mediacion-FIFV.pdf">Mediación </a></p>
<p><img loading="lazy" decoding="async" class="alignnone size-full wp-image-3941" src="http://fifv.cl/2016/wp-content/uploads/2016/10/IMG_2662.jpg" alt="img_2662" width="3264" height="2448" srcset="https://fifv.cl/2016/wp-content/uploads/2016/10/IMG_2662.jpg 3264w, https://fifv.cl/2016/wp-content/uploads/2016/10/IMG_2662-300x225.jpg 300w, https://fifv.cl/2016/wp-content/uploads/2016/10/IMG_2662-768x576.jpg 768w, https://fifv.cl/2016/wp-content/uploads/2016/10/IMG_2662-1024x768.jpg 1024w, https://fifv.cl/2016/wp-content/uploads/2016/10/IMG_2662-750x563.jpg 750w" sizes="auto, (max-width: 3264px) 100vw, 3264px" /></p>
<p><img loading="lazy" decoding="async" class="alignnone size-full wp-image-3939" src="http://fifv.cl/2016/wp-content/uploads/2016/10/IMG_2651.jpg" alt="img_2651" width="3264" height="2448" srcset="https://fifv.cl/2016/wp-content/uploads/2016/10/IMG_2651.jpg 3264w, https://fifv.cl/2016/wp-content/uploads/2016/10/IMG_2651-300x225.jpg 300w, https://fifv.cl/2016/wp-content/uploads/2016/10/IMG_2651-768x576.jpg 768w, https://fifv.cl/2016/wp-content/uploads/2016/10/IMG_2651-1024x768.jpg 1024w, https://fifv.cl/2016/wp-content/uploads/2016/10/IMG_2651-750x563.jpg 750w" sizes="auto, (max-width: 3264px) 100vw, 3264px" /></p>
<p><img loading="lazy" decoding="async" class="alignnone size-full wp-image-3937" src="http://fifv.cl/2016/wp-content/uploads/2016/10/12238001_1090420687659179_4810774481243368105_o.jpg" alt="12238001_1090420687659179_4810774481243368105_o" width="1404" height="936" srcset="https://fifv.cl/2016/wp-content/uploads/2016/10/12238001_1090420687659179_4810774481243368105_o.jpg 1404w, https://fifv.cl/2016/wp-content/uploads/2016/10/12238001_1090420687659179_4810774481243368105_o-300x200.jpg 300w, https://fifv.cl/2016/wp-content/uploads/2016/10/12238001_1090420687659179_4810774481243368105_o-768x512.jpg 768w, https://fifv.cl/2016/wp-content/uploads/2016/10/12238001_1090420687659179_4810774481243368105_o-1024x683.jpg 1024w, https://fifv.cl/2016/wp-content/uploads/2016/10/12238001_1090420687659179_4810774481243368105_o-750x500.jpg 750w" sizes="auto, (max-width: 1404px) 100vw, 1404px" /></p>
<p>&nbsp;</p>

<p>Somos acompañantes de un recorrido fotográfico en el marco del FIFV, en donde proponemos la creación de un espacio de diálogo en conjunto con el público, contribuyendo a la construcción [&hellip;]</p>
