{"id":16,"date":"2025-10-28T17:24:47","date_gmt":"2025-10-28T20:24:47","guid":{"rendered":"https:\/\/fifv.cl\/20252\/?page_id=16"},"modified":"2025-11-10T17:32:06","modified_gmt":"2025-11-10T20:32:06","slug":"brigadas-fotograficas","status":"publish","type":"page","link":"https:\/\/fifv.cl\/2025\/procesos-creativos\/brigadas-fotograficas\/","title":{"rendered":"Brigadas Fotogr\u00e1ficas"},"content":{"rendered":"\t\t<div data-elementor-type=\"wp-page\" data-elementor-id=\"16\" class=\"elementor elementor-16\" data-elementor-post-type=\"page\">\n\t\t\t\t<div class=\"elementor-element elementor-element-c152d87 e-flex e-con-boxed elementor-invisible e-con e-parent\" data-id=\"c152d87\" data-element_type=\"container\" data-settings=\"{&quot;background_background&quot;:&quot;classic&quot;,&quot;animation&quot;:&quot;fadeIn&quot;}\">\n\t\t\t\t\t<div class=\"e-con-inner\">\n\t\t\t\t<div class=\"elementor-element elementor-element-3dead4b elementor-widget elementor-widget-heading\" data-id=\"3dead4b\" data-element_type=\"widget\" data-widget_type=\"heading.default\">\n\t\t\t\t\t<h2 class=\"elementor-heading-title elementor-size-default\">Brigadas Fotogr\u00e1ficas<\/h2>\t\t\t\t<\/div>\n\t\t\t\t\t<\/div>\n\t\t\t\t<\/div>\n\t\t<div class=\"elementor-element elementor-element-127b181 e-flex e-con-boxed elementor-invisible e-con e-parent\" data-id=\"127b181\" data-element_type=\"container\" data-settings=\"{&quot;background_background&quot;:&quot;classic&quot;,&quot;animation&quot;:&quot;fadeIn&quot;}\">\n\t\t\t\t\t<div class=\"e-con-inner\">\n\t\t\t\t<div class=\"elementor-element elementor-element-2405fa5 elementor-widget elementor-widget-text-editor\" data-id=\"2405fa5\" data-element_type=\"widget\" data-widget_type=\"text-editor.default\">\n\t\t\t\t\t\t\t\t\t<p><span style=\"font-weight: 400;\">Una <\/span><b>Brigada Fotogr\u00e1fica<\/b><span style=\"font-weight: 400;\"> es un colectivo que se re\u00fane durante el FIFV para desarrollar un proyecto fotogr\u00e1fico y audiovisual en di\u00e1logo con la ciudad. Este a\u00f1o, los grupos est\u00e1n conformados por dos o tres participantes, quienes recorren Valpara\u00edso para producir im\u00e1genes vinculadas a la tem\u00e1tica central del festival 2025: \u00bfCu\u00e1l es la naturaleza de las cosas?<\/span><\/p><p><span style=\"font-weight: 400;\">A lo largo de la semana, las Brigadas sostienen encuentros diarios con el equipo a cargo del proceso creativo para intercambiar ideas, reflexionar sobre sus procesos y avanzar en la construcci\u00f3n de una propuesta expositiva colectiva.<\/span><\/p><p><span style=\"font-weight: 400;\">Desde sus inicios, las Brigadas Fotogr\u00e1ficas han sido el coraz\u00f3n del proceso creativo del FIFV. En esta decimosexta edici\u00f3n, el trabajo se desarrolla de manera presencial entre el s\u00e1bado 25 de octubre y el s\u00e1bado 1 de noviembre en Valpara\u00edso. La edici\u00f3n final de los proyectos se presenta en la Exposici\u00f3n de Cierre en el <\/span><b>Muelle Prat,<\/b><span style=\"font-weight: 400;\"> como muestra p\u00fablica del resultado colectivo del taller de creaci\u00f3n.<\/span><\/p><p><span style=\"font-weight: 400;\">La direcci\u00f3n de las Brigadas est\u00e1 a cargo del fot\u00f3grafo Miguel \u00c1ngel Larrea (CL) en conjunto con el fot\u00f3grafo Rodolfo Mu\u00f1oz (CL) y el realizador audiovisual Javier P\u00e9rez (CL).<\/span><\/p><p><strong>Director<\/strong><\/p><p><span style=\"font-weight: 400;\">Miguel \u00c1ngel Larrea<br \/><\/span><\/p><p><strong>Editor<\/strong><\/p><p><span style=\"font-weight: 400;\">Rodolfo Mu\u00f1oz<\/span><\/p><p><strong>Asistente<\/strong><\/p><p><span style=\"font-weight: 400;\">Javier P\u00e9rez<\/span><\/p><p><b>Brigadas Fotogr\u00e1ficas<\/b><\/p><p><span style=\"font-weight: 400;\"><em>Bruma (MX)<\/em>:\u00a0<\/span><span style=\"font-weight: 400;\">Donaj\u00ed S\u00e1nchez, Dan Rodr\u00edguez &amp; Diego Vega.<\/span><\/p><p><span style=\"font-weight: 400;\"><em>Nuevas Miradas (MX)<\/em>: Raquel Barousse, Blanca Venegas &amp; Emmanoella Fern\u00e1ndez.<\/span><\/p><p><span style=\"font-weight: 400;\"><em>UBB (CL\/MX)<\/em>: Aura Roble, Jorge Palma &amp; Andrea Valencia.<\/span><\/p><p><span style=\"font-weight: 400;\"><em>La Vi en Raw (AR)<\/em>: Mat\u00edas \u00c1vila, Jeannette Fern\u00e1ndez &amp; Javier Heredia.<\/span><\/p><p><span style=\"font-weight: 400;\"><em>H\u00edbrida (CL)<\/em>: Javiera Flores, Javiera Reyes &amp; Camila Morato.<\/span><\/p><p><span style=\"font-weight: 400;\"><em>Alimapu, memorias de fuego (CO-PE)<\/em>:\u00a0<\/span>Jonathan Fleischman,\u00a0Mar\u00eda del Mar Infante &amp; Alejandro Jim\u00e9nez.<\/p><p><em><span style=\"font-weight: 400;\">Virado (CL)<\/span><\/em><span style=\"font-weight: 400;\">: Benjam\u00edn Pi\u00f1ones, Valentina S\u00e1nchez &amp; Hever Leiva.<\/span><\/p>\t\t\t\t\t\t\t\t<\/div>\n\t\t\t\t\t<\/div>\n\t\t\t\t<\/div>\n\t\t<div class=\"elementor-element elementor-element-b710cda e-flex e-con-boxed e-con e-parent\" data-id=\"b710cda\" data-element_type=\"container\">\n\t\t\t\t\t<div class=\"e-con-inner\">\n\t\t\t\t<div class=\"elementor-element elementor-element-bd43bec elementor-pagination-type-bullets elementor-arrows-position-inside elementor-pagination-position-outside elementor-widget elementor-widget-loop-carousel\" data-id=\"bd43bec\" data-element_type=\"widget\" data-settings=\"{&quot;template_id&quot;:1069,&quot;_skin&quot;:&quot;post&quot;,&quot;slides_to_show&quot;:&quot;3&quot;,&quot;slides_to_show_tablet&quot;:&quot;2&quot;,&quot;slides_to_show_mobile&quot;:&quot;1&quot;,&quot;slides_to_scroll&quot;:&quot;1&quot;,&quot;edit_handle_selector&quot;:&quot;.elementor-loop-container&quot;,&quot;autoplay&quot;:&quot;yes&quot;,&quot;autoplay_speed&quot;:5000,&quot;pause_on_hover&quot;:&quot;yes&quot;,&quot;pause_on_interaction&quot;:&quot;yes&quot;,&quot;infinite&quot;:&quot;yes&quot;,&quot;speed&quot;:500,&quot;offset_sides&quot;:&quot;none&quot;,&quot;arrows&quot;:&quot;yes&quot;,&quot;pagination&quot;:&quot;bullets&quot;,&quot;image_spacing_custom&quot;:{&quot;unit&quot;:&quot;px&quot;,&quot;size&quot;:10,&quot;sizes&quot;:[]},&quot;image_spacing_custom_tablet&quot;:{&quot;unit&quot;:&quot;px&quot;,&quot;size&quot;:&quot;&quot;,&quot;sizes&quot;:[]},&quot;image_spacing_custom_mobile&quot;:{&quot;unit&quot;:&quot;px&quot;,&quot;size&quot;:&quot;&quot;,&quot;sizes&quot;:[]}}\" data-widget_type=\"loop-carousel.post\">\n\t\t\t\t\t\t\t<div class=\"swiper elementor-loop-container elementor-grid\" role=\"list\" dir=\"ltr\">\n\t\t\t\t<div class=\"swiper-wrapper\" aria-live=\"off\">\n\t\t<style id=\"loop-1069\"><\/style>\t\t<\/div>\n\t\t<\/div>\n\t\t\t\t\t<div class=\"elementor-swiper-button elementor-swiper-button-prev\" role=\"button\" tabindex=\"0\" aria-label=\"Previous\">\n\t\t\t\t<svg aria-hidden=\"true\" class=\"e-font-icon-svg e-eicon-chevron-left\" viewBox=\"0 0 1000 1000\" xmlns=\"http:\/\/www.w3.org\/2000\/svg\"><path d=\"M646 125C629 125 613 133 604 142L308 442C296 454 292 471 292 487 292 504 296 521 308 533L604 854C617 867 629 875 646 875 663 875 679 871 692 858 704 846 713 829 713 812 713 796 708 779 692 767L438 487 692 225C700 217 708 204 708 187 708 171 704 154 692 142 675 129 663 125 646 125Z\"><\/path><\/svg>\t\t\t<\/div>\n\t\t\t<div class=\"elementor-swiper-button elementor-swiper-button-next\" role=\"button\" tabindex=\"0\" aria-label=\"Next\">\n\t\t\t\t<svg aria-hidden=\"true\" class=\"e-font-icon-svg e-eicon-chevron-right\" viewBox=\"0 0 1000 1000\" xmlns=\"http:\/\/www.w3.org\/2000\/svg\"><path d=\"M696 533C708 521 713 504 713 487 713 471 708 454 696 446L400 146C388 133 375 125 354 125 338 125 325 129 313 142 300 154 292 171 292 187 292 204 296 221 308 233L563 492 304 771C292 783 288 800 288 817 288 833 296 850 308 863 321 871 338 875 354 875 371 875 388 867 400 854L696 533Z\"><\/path><\/svg>\t\t\t<\/div>\n\t\t\t\t\t<div class=\"swiper-pagination\"><\/div>\n\t\t\t\t\t\t<\/div>\n\t\t\t\t\t<\/div>\n\t\t\t\t<\/div>\n\t\t<div class=\"elementor-element elementor-element-c1ce959 e-flex e-con-boxed e-con e-parent\" data-id=\"c1ce959\" data-element_type=\"container\">\n\t\t\t\t\t<div class=\"e-con-inner\">\n\t\t\t\t<div class=\"elementor-element elementor-element-2c66ffe elementor-widget elementor-widget-shortcode\" data-id=\"2c66ffe\" data-element_type=\"widget\" data-widget_type=\"shortcode.default\">\n\t\t\t\t\t\t\t<div class=\"elementor-shortcode\"><div id=\"metaslider-id-1089\" style=\"width: 100%;\" class=\"ml-slider-3-102-0 metaslider metaslider-flex metaslider-1089 ml-slider ms-theme-blend nav-hidden\" role=\"region\" aria-label=\"feria editorial\" data-height=\"1367\" data-width=\"2048\">\n    <div id=\"metaslider_container_1089\">\n        <div id=\"metaslider_1089\">\n            <ul aria-live='off' class='slides'>\n                <li style=\"display: block; width: 100%;\" class=\"slide-1105 ms-image \" aria-roledescription=\"slide\" data-date=\"2025-11-06 17:04:05\" data-slide-type=\"image\"><img fetchpriority=\"high\" decoding=\"async\" src=\"https:\/\/fifv.cl\/2025\/wp-content\/uploads\/2025\/11\/DSC_0128-2.jpg\" height=\"1367\" width=\"2048\" alt=\"\" class=\"slider-1089 slide-1105 msDefaultImage\" title=\"DSC_0128-2\" \/><div class=\"caption-wrap\"><div class=\"caption\"><div><em>\u00a9 Alexis Vera<\/em><\/div><\/div><\/div><\/li>\n                <li style=\"display: none; width: 100%;\" class=\"slide-1106 ms-image \" aria-roledescription=\"slide\" data-date=\"2025-11-06 17:04:05\" data-slide-type=\"image\"><img decoding=\"async\" src=\"https:\/\/fifv.cl\/2025\/wp-content\/uploads\/2025\/11\/DSC1611-2.jpg\" height=\"1367\" width=\"2048\" alt=\"\" class=\"slider-1089 slide-1106 msDefaultImage\" title=\"_DSC1611-2\" \/><div class=\"caption-wrap\"><div class=\"caption\"><div><em>\u00a9 Alexis Vera<\/em><\/div><\/div><\/div><\/li>\n                <li style=\"display: none; width: 100%;\" class=\"slide-1107 ms-image \" aria-roledescription=\"slide\" data-date=\"2025-11-06 17:04:05\" data-slide-type=\"image\"><img decoding=\"async\" src=\"https:\/\/fifv.cl\/2025\/wp-content\/uploads\/2025\/11\/DSC_0123-2.jpg\" height=\"1367\" width=\"2048\" alt=\"\" class=\"slider-1089 slide-1107 msDefaultImage\" title=\"DSC_0123-2\" \/><div class=\"caption-wrap\"><div class=\"caption\"><div><em>\u00a9 Alexis Vera<\/em><\/div><\/div><\/div><\/li>\n                <li style=\"display: none; width: 100%;\" class=\"slide-1109 ms-image \" aria-roledescription=\"slide\" data-date=\"2025-11-06 17:04:05\" data-slide-type=\"image\"><img loading=\"lazy\" decoding=\"async\" src=\"https:\/\/fifv.cl\/2025\/wp-content\/uploads\/2025\/11\/DSC1601-2.jpg\" height=\"1367\" width=\"2048\" alt=\"\" class=\"slider-1089 slide-1109 msDefaultImage\" title=\"_DSC1601-2\" \/><div class=\"caption-wrap\"><div class=\"caption\"><div><em>\u00a9 Alexis Vera<\/em><\/div><\/div><\/div><\/li>\n                <li style=\"display: none; width: 100%;\" class=\"slide-1110 ms-image \" aria-roledescription=\"slide\" data-date=\"2025-11-06 17:04:05\" data-slide-type=\"image\"><img loading=\"lazy\" decoding=\"async\" src=\"https:\/\/fifv.cl\/2025\/wp-content\/uploads\/2025\/11\/DSC_0244-2.jpg\" height=\"1367\" width=\"2048\" alt=\"\" class=\"slider-1089 slide-1110 msDefaultImage\" title=\"DSC_0244-2\" \/><div class=\"caption-wrap\"><div class=\"caption\"><div><em>\u00a9 Alexis Vera<\/em><\/div><\/div><\/div><\/li>\n                <li style=\"display: none; width: 100%;\" class=\"slide-1111 ms-image \" aria-roledescription=\"slide\" data-date=\"2025-11-06 17:04:05\" data-slide-type=\"image\"><img loading=\"lazy\" decoding=\"async\" src=\"https:\/\/fifv.cl\/2025\/wp-content\/uploads\/2025\/11\/DSC1561-2.jpg\" height=\"1367\" width=\"2048\" alt=\"\" class=\"slider-1089 slide-1111 msDefaultImage\" title=\"_DSC1561-2\" \/><div class=\"caption-wrap\"><div class=\"caption\"><div><em>\u00a9 Alexis Vera<\/em><\/div><\/div><\/div><\/li>\n                <li style=\"display: none; width: 100%;\" class=\"slide-1108 ms-image \" aria-roledescription=\"slide\" data-date=\"2025-11-06 17:04:05\" data-slide-type=\"image\"><img loading=\"lazy\" decoding=\"async\" src=\"https:\/\/fifv.cl\/2025\/wp-content\/uploads\/2025\/11\/DSC1479-2.jpg\" height=\"1367\" width=\"2048\" alt=\"\" class=\"slider-1089 slide-1108 msDefaultImage\" title=\"_DSC1479-2\" \/><div class=\"caption-wrap\"><div class=\"caption\"><div><em>\u00a9 Alexis Vera<\/em><\/div><\/div><\/div><\/li>\n                <li style=\"display: none; width: 100%;\" class=\"slide-1112 ms-image \" aria-roledescription=\"slide\" data-date=\"2025-11-06 17:04:06\" data-slide-type=\"image\"><img loading=\"lazy\" decoding=\"async\" src=\"https:\/\/fifv.cl\/2025\/wp-content\/uploads\/2025\/11\/DSC1869-2.jpg\" height=\"1367\" width=\"2048\" alt=\"\" class=\"slider-1089 slide-1112 msDefaultImage\" title=\"_DSC1869-2\" \/><div class=\"caption-wrap\"><div class=\"caption\"><div><em>\u00a9 Alexis Vera<\/em><\/div><\/div><\/div><\/li>\n                <li style=\"display: none; width: 100%;\" class=\"slide-1113 ms-image \" aria-roledescription=\"slide\" data-date=\"2025-11-06 17:04:06\" data-slide-type=\"image\"><img loading=\"lazy\" decoding=\"async\" src=\"https:\/\/fifv.cl\/2025\/wp-content\/uploads\/2025\/11\/DSC1474-2.jpg\" height=\"1367\" width=\"2048\" alt=\"\" class=\"slider-1089 slide-1113 msDefaultImage\" title=\"_DSC1474-2\" \/><div class=\"caption-wrap\"><div class=\"caption\"><div><em>\u00a9 Alexis Vera<\/em><\/div><\/div><\/div><\/li>\n                <li style=\"display: none; width: 100%;\" class=\"slide-1114 ms-image \" aria-roledescription=\"slide\" data-date=\"2025-11-06 17:04:06\" data-slide-type=\"image\"><img loading=\"lazy\" decoding=\"async\" src=\"https:\/\/fifv.cl\/2025\/wp-content\/uploads\/2025\/11\/DSC_0204-2.jpg\" height=\"1367\" width=\"2048\" alt=\"\" class=\"slider-1089 slide-1114 msDefaultImage\" title=\"DSC_0204-2\" \/><div class=\"caption-wrap\"><div class=\"caption\"><div><em>\u00a9 Alexis Vera<\/em><\/div><\/div><\/div><\/li>\n                <li style=\"display: none; width: 100%;\" class=\"slide-1115 ms-image \" aria-roledescription=\"slide\" data-date=\"2025-11-06 17:04:06\" data-slide-type=\"image\"><img loading=\"lazy\" decoding=\"async\" src=\"https:\/\/fifv.cl\/2025\/wp-content\/uploads\/2025\/11\/DSC_0249-2.jpg\" height=\"1367\" width=\"2048\" alt=\"\" class=\"slider-1089 slide-1115 msDefaultImage\" title=\"DSC_0249-2\" \/><div class=\"caption-wrap\"><div class=\"caption\"><div><em>\u00a9 Alexis Vera<\/em><\/div><\/div><\/div><\/li>\n                <li style=\"display: none; width: 100%;\" class=\"slide-1116 ms-image \" aria-roledescription=\"slide\" data-date=\"2025-11-06 17:04:06\" data-slide-type=\"image\"><img loading=\"lazy\" decoding=\"async\" src=\"https:\/\/fifv.cl\/2025\/wp-content\/uploads\/2025\/11\/DSC1599-2.jpg\" height=\"1367\" width=\"2048\" alt=\"\" class=\"slider-1089 slide-1116 msDefaultImage\" title=\"_DSC1599-2\" \/><div class=\"caption-wrap\"><div class=\"caption\"><div><em>\u00a9 Alexis Vera<\/em><\/div><\/div><\/div><\/li>\n                <li style=\"display: none; width: 100%;\" class=\"slide-1117 ms-image \" aria-roledescription=\"slide\" data-date=\"2025-11-06 17:04:06\" data-slide-type=\"image\"><img loading=\"lazy\" decoding=\"async\" src=\"https:\/\/fifv.cl\/2025\/wp-content\/uploads\/2025\/11\/DSC1557-2.jpg\" height=\"1367\" width=\"2048\" alt=\"\" class=\"slider-1089 slide-1117 msDefaultImage\" title=\"_DSC1557-2\" \/><div class=\"caption-wrap\"><div class=\"caption\"><div><em>\u00a9 Alexis Vera<\/em><\/div><\/div><\/div><\/li>\n                <li style=\"display: none; width: 100%;\" class=\"slide-1118 ms-image \" aria-roledescription=\"slide\" data-date=\"2025-11-06 17:04:06\" data-slide-type=\"image\"><img loading=\"lazy\" decoding=\"async\" src=\"https:\/\/fifv.cl\/2025\/wp-content\/uploads\/2025\/11\/DSC1596-2.jpg\" height=\"1367\" width=\"2048\" alt=\"\" class=\"slider-1089 slide-1118 msDefaultImage\" title=\"_DSC1596-2\" \/><div class=\"caption-wrap\"><div class=\"caption\"><div><em>\u00a9 Alexis Vera<\/em><\/div><\/div><\/div><\/li>\n                <li style=\"display: none; width: 100%;\" class=\"slide-1119 ms-image \" aria-roledescription=\"slide\" data-date=\"2025-11-06 17:04:06\" data-slide-type=\"image\"><img loading=\"lazy\" decoding=\"async\" src=\"https:\/\/fifv.cl\/2025\/wp-content\/uploads\/2025\/11\/DSC1859-2.jpg\" height=\"1367\" width=\"2048\" alt=\"\" class=\"slider-1089 slide-1119 msDefaultImage\" title=\"_DSC1859-2\" \/><div class=\"caption-wrap\"><div class=\"caption\"><div><em>\u00a9 Alexis Vera<\/em><\/div><\/div><\/div><\/li>\n            <\/ul>\n        <\/div>\n        \n    <\/div>\n<\/div><\/div>\n\t\t\t\t\t\t<\/div>\n\t\t\t\t\t<\/div>\n\t\t\t\t<\/div>\n\t\t\t\t<\/div>\n\t\t","protected":false},"excerpt":{"rendered":"<p>Una Brigada Fotogr\u00e1fica es un colectivo que se re\u00fane durante el FIFV para desarrollar un proyecto fotogr\u00e1fico y audiovisual en di\u00e1logo con la ciudad. Este a\u00f1o, los grupos est\u00e1n conformados por dos o tres participantes, quienes recorren Valpara\u00edso para producir im\u00e1genes vinculadas a la tem\u00e1tica central del festival 2025: \u00bfCu\u00e1l es la naturaleza de las [&hellip;]<\/p>\n","protected":false},"author":1,"featured_media":0,"parent":14,"menu_order":0,"comment_status":"closed","ping_status":"closed","template":"elementor_header_footer","meta":{"_eb_attr":"","footnotes":""},"class_list":["post-16","page","type-page","status-publish","hentry"],"yoast_head":"<!-- This site is optimized with the Yoast SEO plugin v26.2 - https:\/\/yoast.com\/wordpress\/plugins\/seo\/ -->\n<title>Brigadas Fotogr\u00e1ficas - FIFV 2025<\/title>\n<meta name=\"robots\" content=\"index, follow, max-snippet:-1, max-image-preview:large, max-video-preview:-1\" \/>\n<link rel=\"canonical\" href=\"https:\/\/fifv.cl\/2025\/procesos-creativos\/brigadas-fotograficas\/\" \/>\n<meta property=\"og:locale\" content=\"es_ES\" \/>\n<meta property=\"og:type\" content=\"article\" \/>\n<meta property=\"og:title\" content=\"Brigadas Fotogr\u00e1ficas - FIFV 2025\" \/>\n<meta property=\"og:description\" content=\"Una Brigada Fotogr\u00e1fica es un colectivo que se re\u00fane durante el FIFV para desarrollar un proyecto fotogr\u00e1fico y audiovisual en di\u00e1logo con la ciudad. Este a\u00f1o, los grupos est\u00e1n conformados por dos o tres participantes, quienes recorren Valpara\u00edso para producir im\u00e1genes vinculadas a la tem\u00e1tica central del festival 2025: \u00bfCu\u00e1l es la naturaleza de las [&hellip;]\" \/>\n<meta property=\"og:url\" content=\"https:\/\/fifv.cl\/2025\/procesos-creativos\/brigadas-fotograficas\/\" \/>\n<meta property=\"og:site_name\" content=\"FIFV 2025\" \/>\n<meta property=\"article:publisher\" content=\"https:\/\/www.facebook.com\/casaespacio.fifv\" \/>\n<meta property=\"article:modified_time\" content=\"2025-11-10T20:32:06+00:00\" \/>\n<meta name=\"twitter:card\" content=\"summary_large_image\" \/>\n<meta name=\"twitter:label1\" content=\"Tiempo estimado de lectura\" \/>\n\t<meta name=\"twitter:data1\" content=\"5 minutos\" \/>\n<script type=\"application\/ld+json\" class=\"yoast-schema-graph\">{\"@context\":\"https:\/\/schema.org\",\"@graph\":[{\"@type\":\"WebPage\",\"@id\":\"https:\/\/fifv.cl\/2025\/procesos-creativos\/brigadas-fotograficas\/\",\"url\":\"https:\/\/fifv.cl\/2025\/procesos-creativos\/brigadas-fotograficas\/\",\"name\":\"Brigadas Fotogr\u00e1ficas - FIFV 2025\",\"isPartOf\":{\"@id\":\"https:\/\/fifv.cl\/2025\/#website\"},\"datePublished\":\"2025-10-28T20:24:47+00:00\",\"dateModified\":\"2025-11-10T20:32:06+00:00\",\"breadcrumb\":{\"@id\":\"https:\/\/fifv.cl\/2025\/procesos-creativos\/brigadas-fotograficas\/#breadcrumb\"},\"inLanguage\":\"es-CL\",\"potentialAction\":[{\"@type\":\"ReadAction\",\"target\":[\"https:\/\/fifv.cl\/2025\/procesos-creativos\/brigadas-fotograficas\/\"]}]},{\"@type\":\"BreadcrumbList\",\"@id\":\"https:\/\/fifv.cl\/2025\/procesos-creativos\/brigadas-fotograficas\/#breadcrumb\",\"itemListElement\":[{\"@type\":\"ListItem\",\"position\":1,\"name\":\"Home\",\"item\":\"https:\/\/fifv.cl\/2025\/\"},{\"@type\":\"ListItem\",\"position\":2,\"name\":\"Procesos creativos\",\"item\":\"https:\/\/fifv.cl\/2025\/procesos-creativos\/\"},{\"@type\":\"ListItem\",\"position\":3,\"name\":\"Brigadas Fotogr\u00e1ficas\"}]},{\"@type\":\"WebSite\",\"@id\":\"https:\/\/fifv.cl\/2025\/#website\",\"url\":\"https:\/\/fifv.cl\/2025\/\",\"name\":\"FIFV 2025\",\"description\":\"Festival Internacional de Fotograf\u00eda en Valpara\u00edso\",\"potentialAction\":[{\"@type\":\"SearchAction\",\"target\":{\"@type\":\"EntryPoint\",\"urlTemplate\":\"https:\/\/fifv.cl\/2025\/?s={search_term_string}\"},\"query-input\":{\"@type\":\"PropertyValueSpecification\",\"valueRequired\":true,\"valueName\":\"search_term_string\"}}],\"inLanguage\":\"es-CL\"}]}<\/script>\n<!-- \/ Yoast SEO plugin. -->","yoast_head_json":{"title":"Brigadas Fotogr\u00e1ficas - FIFV 2025","robots":{"index":"index","follow":"follow","max-snippet":"max-snippet:-1","max-image-preview":"max-image-preview:large","max-video-preview":"max-video-preview:-1"},"canonical":"https:\/\/fifv.cl\/2025\/procesos-creativos\/brigadas-fotograficas\/","og_locale":"es_ES","og_type":"article","og_title":"Brigadas Fotogr\u00e1ficas - FIFV 2025","og_description":"Una Brigada Fotogr\u00e1fica es un colectivo que se re\u00fane durante el FIFV para desarrollar un proyecto fotogr\u00e1fico y audiovisual en di\u00e1logo con la ciudad. Este a\u00f1o, los grupos est\u00e1n conformados por dos o tres participantes, quienes recorren Valpara\u00edso para producir im\u00e1genes vinculadas a la tem\u00e1tica central del festival 2025: \u00bfCu\u00e1l es la naturaleza de las [&hellip;]","og_url":"https:\/\/fifv.cl\/2025\/procesos-creativos\/brigadas-fotograficas\/","og_site_name":"FIFV 2025","article_publisher":"https:\/\/www.facebook.com\/casaespacio.fifv","article_modified_time":"2025-11-10T20:32:06+00:00","twitter_card":"summary_large_image","twitter_misc":{"Tiempo estimado de lectura":"5 minutos"},"schema":{"@context":"https:\/\/schema.org","@graph":[{"@type":"WebPage","@id":"https:\/\/fifv.cl\/2025\/procesos-creativos\/brigadas-fotograficas\/","url":"https:\/\/fifv.cl\/2025\/procesos-creativos\/brigadas-fotograficas\/","name":"Brigadas Fotogr\u00e1ficas - FIFV 2025","isPartOf":{"@id":"https:\/\/fifv.cl\/2025\/#website"},"datePublished":"2025-10-28T20:24:47+00:00","dateModified":"2025-11-10T20:32:06+00:00","breadcrumb":{"@id":"https:\/\/fifv.cl\/2025\/procesos-creativos\/brigadas-fotograficas\/#breadcrumb"},"inLanguage":"es-CL","potentialAction":[{"@type":"ReadAction","target":["https:\/\/fifv.cl\/2025\/procesos-creativos\/brigadas-fotograficas\/"]}]},{"@type":"BreadcrumbList","@id":"https:\/\/fifv.cl\/2025\/procesos-creativos\/brigadas-fotograficas\/#breadcrumb","itemListElement":[{"@type":"ListItem","position":1,"name":"Home","item":"https:\/\/fifv.cl\/2025\/"},{"@type":"ListItem","position":2,"name":"Procesos creativos","item":"https:\/\/fifv.cl\/2025\/procesos-creativos\/"},{"@type":"ListItem","position":3,"name":"Brigadas Fotogr\u00e1ficas"}]},{"@type":"WebSite","@id":"https:\/\/fifv.cl\/2025\/#website","url":"https:\/\/fifv.cl\/2025\/","name":"FIFV 2025","description":"Festival Internacional de Fotograf\u00eda en Valpara\u00edso","potentialAction":[{"@type":"SearchAction","target":{"@type":"EntryPoint","urlTemplate":"https:\/\/fifv.cl\/2025\/?s={search_term_string}"},"query-input":{"@type":"PropertyValueSpecification","valueRequired":true,"valueName":"search_term_string"}}],"inLanguage":"es-CL"}]}},"_links":{"self":[{"href":"https:\/\/fifv.cl\/2025\/wp-json\/wp\/v2\/pages\/16","targetHints":{"allow":["GET"]}}],"collection":[{"href":"https:\/\/fifv.cl\/2025\/wp-json\/wp\/v2\/pages"}],"about":[{"href":"https:\/\/fifv.cl\/2025\/wp-json\/wp\/v2\/types\/page"}],"author":[{"embeddable":true,"href":"https:\/\/fifv.cl\/2025\/wp-json\/wp\/v2\/users\/1"}],"replies":[{"embeddable":true,"href":"https:\/\/fifv.cl\/2025\/wp-json\/wp\/v2\/comments?post=16"}],"version-history":[{"count":34,"href":"https:\/\/fifv.cl\/2025\/wp-json\/wp\/v2\/pages\/16\/revisions"}],"predecessor-version":[{"id":1222,"href":"https:\/\/fifv.cl\/2025\/wp-json\/wp\/v2\/pages\/16\/revisions\/1222"}],"up":[{"embeddable":true,"href":"https:\/\/fifv.cl\/2025\/wp-json\/wp\/v2\/pages\/14"}],"wp:attachment":[{"href":"https:\/\/fifv.cl\/2025\/wp-json\/wp\/v2\/media?parent=16"}],"curies":[{"name":"wp","href":"https:\/\/api.w.org\/{rel}","templated":true}]}}