{"id":19,"date":"2025-10-28T17:27:02","date_gmt":"2025-10-28T20:27:02","guid":{"rendered":"https:\/\/fifv.cl\/20252\/?page_id=19"},"modified":"2025-11-05T15:05:23","modified_gmt":"2025-11-05T18:05:23","slug":"brigadas-juveniles","status":"publish","type":"page","link":"https:\/\/fifv.cl\/2025\/procesos-creativos\/brigadas-juveniles\/","title":{"rendered":"Brigadas Juveniles"},"content":{"rendered":"\t\t<div data-elementor-type=\"wp-page\" data-elementor-id=\"19\" class=\"elementor elementor-19\" data-elementor-post-type=\"page\">\n\t\t\t\t<div class=\"elementor-element elementor-element-350df4b e-flex e-con-boxed elementor-invisible e-con e-parent\" data-id=\"350df4b\" data-element_type=\"container\" data-settings=\"{&quot;background_background&quot;:&quot;classic&quot;,&quot;animation&quot;:&quot;fadeIn&quot;}\">\n\t\t\t\t\t<div class=\"e-con-inner\">\n\t\t\t\t<div class=\"elementor-element elementor-element-16424b7 elementor-widget elementor-widget-heading\" data-id=\"16424b7\" data-element_type=\"widget\" data-widget_type=\"heading.default\">\n\t\t\t\t\t<h2 class=\"elementor-heading-title elementor-size-default\">Brigadas Juveniles<\/h2>\t\t\t\t<\/div>\n\t\t\t\t\t<\/div>\n\t\t\t\t<\/div>\n\t\t<div class=\"elementor-element elementor-element-9099a36 e-flex e-con-boxed elementor-invisible e-con e-parent\" data-id=\"9099a36\" data-element_type=\"container\" data-settings=\"{&quot;background_background&quot;:&quot;classic&quot;,&quot;animation&quot;:&quot;fadeIn&quot;}\">\n\t\t\t\t\t<div class=\"e-con-inner\">\n\t\t\t\t<div class=\"elementor-element elementor-element-fe5f96b elementor-widget elementor-widget-text-editor\" data-id=\"fe5f96b\" data-element_type=\"widget\" data-widget_type=\"text-editor.default\">\n\t\t\t\t\t\t\t\t\t<p><span style=\"font-weight: 400;\">Las Brigadas Juveniles son un espacio inaugurado en 2022 para adolescentes y formadores que participan de los procesos del Programa Formador de Formadores de Imagen Salvaje.<\/span><\/p><p><span style=\"font-weight: 400;\">Este taller se realiza de forma paralela y en di\u00e1logo con las Brigadas Fotogr\u00e1ficas del FIFV, instancia fundacional dedicada a fot\u00f3grafos y fot\u00f3grafas que conforman colectivos para trabajar intensamente recorriendo la ciudad y viviendo la efervescencia creativa y colaborativa de nuestro festival.<\/span><\/p><p><span style=\"font-weight: 400;\">Las Brigadas Juveniles son una instancia de formaci\u00f3n y creaci\u00f3n en el contexto del Festival Internacional de Fotograf\u00eda de Valpara\u00edso, una experiencia que en su nueva edici\u00f3n plantea la interrogante \u00bfCu\u00e1l es la naturaleza de las cosas?<\/span><\/p><p><span style=\"font-weight: 400;\">Durante un d\u00eda intenso, de ma\u00f1ana y tarde, los y las estudiantes junto a sus formadores pudieron observar, mirar, conocer y capturar la ciudad de Valpara\u00edso a trav\u00e9s de diversos ejercicios fotogr\u00e1ficos en los que desarrollaron su capacidad de trabajo en equipo.<\/span><\/p><p><span style=\"font-weight: 400;\">Los resultados del proceso forman parte de la Exposici\u00f3n de Workshop y Brigadas montada en el Muelle Prat en el marco de la jornada de cierre del FIFV 2025.\u00a0<\/span><\/p><p><span style=\"font-weight: 400;\">Los j\u00f3venes y formadores tuvieron la oportunidad de compartir con diferentes grupos de aprendizaje, fot\u00f3grafos y editores nacionales e internacionales, artistas visuales, gestores culturales, voluntarios y docentes, entre otras personas. Una instancia de cruce de saberes muy enriquecedora.\u00a0<\/span><\/p><p><span style=\"font-weight: 400;\">Este taller se desarroll\u00f3 con la colaboraci\u00f3n de Euzhane Richard de L\u00b4Ecole sup\u00e9rieure des arts (ESA) LE 75 (B\u00e9lgica) y Pietro Arini de ESA Sanit \u2013 Luc Li\u00e9ge School of Art (B\u00e9lgica) con el apoyo exclusivo de Sebasti\u00e1n Pinto fot\u00f3grafo, editor y coordinador de Taller Carta (Chile).\u00a0<\/span><\/p><p><span style=\"font-weight: 400;\">La experiencia de las Brigadas Juveniles se realiz\u00f3 el s\u00e1bado 25 de octubre, d\u00eda del acto inaugural de la decimosexta edici\u00f3n del FIFV en la playa Las Torpederas. Luego la experiencia creativa continu\u00f3 en el Colegio Pedro Montt de Valpara\u00edso, comunidad de aprendizaje que desde este a\u00f1o colabora activamente con Imagen Salvaje. En 2025 el establecimiento inaugur\u00f3 un proyecto de educaci\u00f3n art\u00edstica y una galer\u00eda de exposiciones: la Sala Salvaje, un espacio creado en conjunto con nuestro Programa Formador de Formadores.<\/span><\/p><p><b>Directora<\/b><span style=\"font-size: 1rem;\">\u00a0<\/span><\/p><p><span style=\"font-size: 1rem;\">Anamar\u00eda Briede (CL)\u00a0<\/span><\/p><p><b>Tallerista<\/b><\/p><p><span style=\"font-size: 1rem;\">Sebasti\u00e1n Pinto (CL)\u00a0<\/span><\/p><p><b>Formadores\u00a0<\/b><span style=\"font-size: 1rem;\"><br \/><\/span><\/p><p><span style=\"font-size: 1rem;\">Naim Carre\u00f1o (CL)<br \/><\/span><span style=\"font-size: 1rem;\">Oscar Aranda (CL)<\/span><\/p><p><b>Asistentes<\/b><span style=\"font-size: 1rem;\"><br \/><\/span><\/p><p><span style=\"font-size: 1rem;\">Pietro Arini (IT)<br \/><\/span><span style=\"font-size: 1rem;\">Euzhane Richard (FR)<\/span><\/p><p><b>Brigadas Juveniles<\/b><\/p><p><span style=\"font-size: 1rem;\"><em>Migajeros B<\/em>: Facundo, M\u00e1ximo, Mart\u00edn &amp; Juli\u00e1n.<\/span><\/p><p><span style=\"font-size: 1rem;\"><em>Sombras del Mar<\/em>: Marisela, Mariana, P\u00eda, Thays &amp; Joaqu\u00edn.<\/span><\/p><p><span style=\"font-size: 1rem;\"><em>IL desolato<\/em>: Emi &amp; Noha.<\/span><\/p><p><span style=\"font-size: 1rem;\"><em>Mirada Callejera<\/em>: Marianela, Catalina, Ihanella &amp; Paz.<\/span><span style=\"font-size: 1rem;\"><br \/><\/span><\/p>\t\t\t\t\t\t\t\t<\/div>\n\t\t\t\t\t<\/div>\n\t\t\t\t<\/div>\n\t\t\t\t<\/div>\n\t\t","protected":false},"excerpt":{"rendered":"<p>Las Brigadas Juveniles son un espacio inaugurado en 2022 para adolescentes y formadores que participan de los procesos del Programa Formador de Formadores de Imagen Salvaje. Este taller se realiza de forma paralela y en di\u00e1logo con las Brigadas Fotogr\u00e1ficas del FIFV, instancia fundacional dedicada a fot\u00f3grafos y fot\u00f3grafas que conforman colectivos para trabajar intensamente [&hellip;]<\/p>\n","protected":false},"author":1,"featured_media":0,"parent":14,"menu_order":0,"comment_status":"closed","ping_status":"closed","template":"elementor_header_footer","meta":{"_eb_attr":"","footnotes":""},"class_list":["post-19","page","type-page","status-publish","hentry"],"yoast_head":"<!-- This site is optimized with the Yoast SEO plugin v26.2 - https:\/\/yoast.com\/wordpress\/plugins\/seo\/ -->\n<title>Brigadas Juveniles - FIFV 2025<\/title>\n<meta name=\"robots\" content=\"index, follow, max-snippet:-1, max-image-preview:large, max-video-preview:-1\" \/>\n<link rel=\"canonical\" href=\"https:\/\/fifv.cl\/2025\/procesos-creativos\/brigadas-juveniles\/\" \/>\n<meta property=\"og:locale\" content=\"es_ES\" \/>\n<meta property=\"og:type\" content=\"article\" \/>\n<meta property=\"og:title\" content=\"Brigadas Juveniles - FIFV 2025\" \/>\n<meta property=\"og:description\" content=\"Las Brigadas Juveniles son un espacio inaugurado en 2022 para adolescentes y formadores que participan de los procesos del Programa Formador de Formadores de Imagen Salvaje. Este taller se realiza de forma paralela y en di\u00e1logo con las Brigadas Fotogr\u00e1ficas del FIFV, instancia fundacional dedicada a fot\u00f3grafos y fot\u00f3grafas que conforman colectivos para trabajar intensamente [&hellip;]\" \/>\n<meta property=\"og:url\" content=\"https:\/\/fifv.cl\/2025\/procesos-creativos\/brigadas-juveniles\/\" \/>\n<meta property=\"og:site_name\" content=\"FIFV 2025\" \/>\n<meta property=\"article:publisher\" content=\"https:\/\/www.facebook.com\/casaespacio.fifv\" \/>\n<meta property=\"article:modified_time\" content=\"2025-11-05T18:05:23+00:00\" \/>\n<meta name=\"twitter:card\" content=\"summary_large_image\" \/>\n<meta name=\"twitter:label1\" content=\"Tiempo estimado de lectura\" \/>\n\t<meta name=\"twitter:data1\" content=\"2 minutos\" \/>\n<script type=\"application\/ld+json\" class=\"yoast-schema-graph\">{\"@context\":\"https:\/\/schema.org\",\"@graph\":[{\"@type\":\"WebPage\",\"@id\":\"https:\/\/fifv.cl\/2025\/procesos-creativos\/brigadas-juveniles\/\",\"url\":\"https:\/\/fifv.cl\/2025\/procesos-creativos\/brigadas-juveniles\/\",\"name\":\"Brigadas Juveniles - FIFV 2025\",\"isPartOf\":{\"@id\":\"https:\/\/fifv.cl\/2025\/#website\"},\"datePublished\":\"2025-10-28T20:27:02+00:00\",\"dateModified\":\"2025-11-05T18:05:23+00:00\",\"breadcrumb\":{\"@id\":\"https:\/\/fifv.cl\/2025\/procesos-creativos\/brigadas-juveniles\/#breadcrumb\"},\"inLanguage\":\"es-CL\",\"potentialAction\":[{\"@type\":\"ReadAction\",\"target\":[\"https:\/\/fifv.cl\/2025\/procesos-creativos\/brigadas-juveniles\/\"]}]},{\"@type\":\"BreadcrumbList\",\"@id\":\"https:\/\/fifv.cl\/2025\/procesos-creativos\/brigadas-juveniles\/#breadcrumb\",\"itemListElement\":[{\"@type\":\"ListItem\",\"position\":1,\"name\":\"Home\",\"item\":\"https:\/\/fifv.cl\/2025\/\"},{\"@type\":\"ListItem\",\"position\":2,\"name\":\"Procesos creativos\",\"item\":\"https:\/\/fifv.cl\/2025\/procesos-creativos\/\"},{\"@type\":\"ListItem\",\"position\":3,\"name\":\"Brigadas Juveniles\"}]},{\"@type\":\"WebSite\",\"@id\":\"https:\/\/fifv.cl\/2025\/#website\",\"url\":\"https:\/\/fifv.cl\/2025\/\",\"name\":\"FIFV 2025\",\"description\":\"Festival Internacional de Fotograf\u00eda en Valpara\u00edso\",\"potentialAction\":[{\"@type\":\"SearchAction\",\"target\":{\"@type\":\"EntryPoint\",\"urlTemplate\":\"https:\/\/fifv.cl\/2025\/?s={search_term_string}\"},\"query-input\":{\"@type\":\"PropertyValueSpecification\",\"valueRequired\":true,\"valueName\":\"search_term_string\"}}],\"inLanguage\":\"es-CL\"}]}<\/script>\n<!-- \/ Yoast SEO plugin. -->","yoast_head_json":{"title":"Brigadas Juveniles - FIFV 2025","robots":{"index":"index","follow":"follow","max-snippet":"max-snippet:-1","max-image-preview":"max-image-preview:large","max-video-preview":"max-video-preview:-1"},"canonical":"https:\/\/fifv.cl\/2025\/procesos-creativos\/brigadas-juveniles\/","og_locale":"es_ES","og_type":"article","og_title":"Brigadas Juveniles - FIFV 2025","og_description":"Las Brigadas Juveniles son un espacio inaugurado en 2022 para adolescentes y formadores que participan de los procesos del Programa Formador de Formadores de Imagen Salvaje. Este taller se realiza de forma paralela y en di\u00e1logo con las Brigadas Fotogr\u00e1ficas del FIFV, instancia fundacional dedicada a fot\u00f3grafos y fot\u00f3grafas que conforman colectivos para trabajar intensamente [&hellip;]","og_url":"https:\/\/fifv.cl\/2025\/procesos-creativos\/brigadas-juveniles\/","og_site_name":"FIFV 2025","article_publisher":"https:\/\/www.facebook.com\/casaespacio.fifv","article_modified_time":"2025-11-05T18:05:23+00:00","twitter_card":"summary_large_image","twitter_misc":{"Tiempo estimado de lectura":"2 minutos"},"schema":{"@context":"https:\/\/schema.org","@graph":[{"@type":"WebPage","@id":"https:\/\/fifv.cl\/2025\/procesos-creativos\/brigadas-juveniles\/","url":"https:\/\/fifv.cl\/2025\/procesos-creativos\/brigadas-juveniles\/","name":"Brigadas Juveniles - FIFV 2025","isPartOf":{"@id":"https:\/\/fifv.cl\/2025\/#website"},"datePublished":"2025-10-28T20:27:02+00:00","dateModified":"2025-11-05T18:05:23+00:00","breadcrumb":{"@id":"https:\/\/fifv.cl\/2025\/procesos-creativos\/brigadas-juveniles\/#breadcrumb"},"inLanguage":"es-CL","potentialAction":[{"@type":"ReadAction","target":["https:\/\/fifv.cl\/2025\/procesos-creativos\/brigadas-juveniles\/"]}]},{"@type":"BreadcrumbList","@id":"https:\/\/fifv.cl\/2025\/procesos-creativos\/brigadas-juveniles\/#breadcrumb","itemListElement":[{"@type":"ListItem","position":1,"name":"Home","item":"https:\/\/fifv.cl\/2025\/"},{"@type":"ListItem","position":2,"name":"Procesos creativos","item":"https:\/\/fifv.cl\/2025\/procesos-creativos\/"},{"@type":"ListItem","position":3,"name":"Brigadas Juveniles"}]},{"@type":"WebSite","@id":"https:\/\/fifv.cl\/2025\/#website","url":"https:\/\/fifv.cl\/2025\/","name":"FIFV 2025","description":"Festival Internacional de Fotograf\u00eda en Valpara\u00edso","potentialAction":[{"@type":"SearchAction","target":{"@type":"EntryPoint","urlTemplate":"https:\/\/fifv.cl\/2025\/?s={search_term_string}"},"query-input":{"@type":"PropertyValueSpecification","valueRequired":true,"valueName":"search_term_string"}}],"inLanguage":"es-CL"}]}},"_links":{"self":[{"href":"https:\/\/fifv.cl\/2025\/wp-json\/wp\/v2\/pages\/19","targetHints":{"allow":["GET"]}}],"collection":[{"href":"https:\/\/fifv.cl\/2025\/wp-json\/wp\/v2\/pages"}],"about":[{"href":"https:\/\/fifv.cl\/2025\/wp-json\/wp\/v2\/types\/page"}],"author":[{"embeddable":true,"href":"https:\/\/fifv.cl\/2025\/wp-json\/wp\/v2\/users\/1"}],"replies":[{"embeddable":true,"href":"https:\/\/fifv.cl\/2025\/wp-json\/wp\/v2\/comments?post=19"}],"version-history":[{"count":13,"href":"https:\/\/fifv.cl\/2025\/wp-json\/wp\/v2\/pages\/19\/revisions"}],"predecessor-version":[{"id":1085,"href":"https:\/\/fifv.cl\/2025\/wp-json\/wp\/v2\/pages\/19\/revisions\/1085"}],"up":[{"embeddable":true,"href":"https:\/\/fifv.cl\/2025\/wp-json\/wp\/v2\/pages\/14"}],"wp:attachment":[{"href":"https:\/\/fifv.cl\/2025\/wp-json\/wp\/v2\/media?parent=19"}],"curies":[{"name":"wp","href":"https:\/\/api.w.org\/{rel}","templated":true}]}}